{"id":1642,"date":"2024-09-19T22:33:48","date_gmt":"2024-09-19T22:33:48","guid":{"rendered":"https:\/\/fcgriopailacastilla.org\/site\/?page_id=1642"},"modified":"2024-09-19T22:37:11","modified_gmt":"2024-09-19T22:37:11","slug":"informacion-institucional-para-permanencia-en-el-rte","status":"publish","type":"page","link":"https:\/\/fcgriopailacastilla.org\/site\/informacion-institucional-para-permanencia-en-el-rte\/","title":{"rendered":"Informaci\u00f3n Institucional para permanencia en el RTE"},"content":{"rendered":"\t\t<div data-elementor-type=\"wp-page\" data-elementor-id=\"1642\" class=\"elementor elementor-1642\">\n\t\t\t\t<div class=\"elementor-element elementor-element-0489fcf e-con-full e-flex e-con e-parent\" data-id=\"0489fcf\" data-element_type=\"container\">\n\t\t\t\t<div class=\"elementor-element elementor-element-20e8016 elementor-widget elementor-widget-heading\" data-id=\"20e8016\" data-element_type=\"widget\" data-widget_type=\"heading.default\">\n\t\t\t\t<div class=\"elementor-widget-container\">\n\t\t\t<h2 class=\"elementor-heading-title elementor-size-default\">Informaci\u00f3n Institucional para permanencia en el RTE<\/h2>\t\t<\/div>\n\t\t\t\t<\/div>\n\t\t\t\t<div class=\"elementor-element elementor-element-a15c3d3 elementor-widget elementor-widget-text-editor\" data-id=\"a15c3d3\" data-element_type=\"widget\" data-widget_type=\"text-editor.default\">\n\t\t\t\t<div class=\"elementor-widget-container\">\n\t\t\t\t\t\t\t<p><strong>Art\u00edculos<\/strong><\/p><p>Informaci\u00f3n Institucional para permanencia en RTE<br \/>De conformidad con la Ley 1819 de 2016, el Decreto Reglamentario 2150 de 2017 y la Resoluci\u00f3n 19 de 2018, y un ejercicio de transparencia compartimos la siguiente informaci\u00f3n:<\/p><ul class=\"wp-block-list\"><li><a href=\"https:\/\/fcgriopailacastilla.org\/wp-content\/uploads\/2023\/04\/CERTIFICACION-CARGOS-DIRECTIVOS.pdf\" target=\"_blank\" rel=\"noreferrer noopener\">Certificaci\u00f3n cargos directivos<\/a><\/li><li><a href=\"https:\/\/fcgriopailacastilla.org\/wp-content\/uploads\/2023\/04\/Certificacion-de-Direccion-Ejecutiva.pdf\" target=\"_blank\" rel=\"noreferrer noopener\">Certificaci\u00f3n de Direcci\u00f3n Ejecutiva<\/a><\/li><li><a href=\"https:\/\/fcgriopailacastilla.org\/wp-content\/uploads\/2023\/04\/Certificado-del-Revisor-Fiscal-con-cumplimiento-de-requisitos-de-permanencia-al-RTE.pdf\" target=\"_blank\" rel=\"noreferrer noopener\" data-type=\"URL\" data-id=\"https:\/\/fcgriopailacastilla.org\/wp-content\/uploads\/2023\/04\/Certificado-del-Revisor-Fiscal-con-cumplimiento-de-requisitos-de-permanencia-al-RTE.pdf\">Certificado del Revisor Fiscal con cumplimiento de requisitos de permanencia al RTE<\/a><\/li><li><a href=\"https:\/\/fcgriopailacastilla.org\/wp-content\/uploads\/2023\/04\/ESTADOS-FINANCIERO-DICIEMBRE-31-2022-2021.pdf\" target=\"_blank\" rel=\"noreferrer noopener\">Estados Financieros<\/a><\/li><li><a href=\"https:\/\/fcgriopailacastilla.org\/wp-content\/uploads\/2023\/04\/Extracto-Acta-de-Asamblea-General-Marzo-29-30-2023.pdf\" target=\"_blank\" rel=\"noreferrer noopener\">Extracto Acta de Asamblea General Marzo 30 2023<\/a><\/li><li><a href=\"https:\/\/fcgriopailacastilla.org\/wp-content\/uploads\/2023\/04\/FORMATO-5245.pdf\" target=\"_blank\" rel=\"noreferrer noopener\">Formato 5245<\/a><\/li><li><a href=\"https:\/\/fcgriopailacastilla.org\/wp-content\/uploads\/2023\/03\/FUNDACION-FINAL_Informe-de-sostenibilidad.pdf\" data-type=\"URL\" data-id=\"https:\/\/fcgriopailacastilla.org\/wp-content\/uploads\/2023\/03\/FUNDACION-FINAL_Informe-de-sostenibilidad.pdf\">Informe de Sostenibilidad y Gesti\u00f3n 2022<\/a><\/li><li><a href=\"https:\/\/fcgriopailacastilla.org\/wp-content\/uploads\/2023\/04\/MEMORIA-ECONOMICA.pdf\" target=\"_blank\" rel=\"noreferrer noopener\">Memoria Econ\u00f3mica 2022<\/a><\/li><\/ul><p>Si tiene comentarios sobre la informaci\u00f3n publicada, puede enviarnos sus comentarios a trav\u00e9s del PQRSF haciendo\u00a0<a href=\"https:\/\/fcgriopailacastilla.org\/pqrsf\/\" data-type=\"page\" data-id=\"45\">clic aqu\u00ed<\/a><\/p>\t\t\t\t\t\t<\/div>\n\t\t\t\t<\/div>\n\t\t\t\t<\/div>\n\t\t\t\t<\/div>\n\t\t","protected":false},"excerpt":{"rendered":"<p>Informaci\u00f3n Institucional para permanencia en el RTE Art\u00edculos Informaci\u00f3n Institucional para permanencia en RTEDe conformidad con la Ley 1819 de 2016, el Decreto Reglamentario 2150 de 2017 y la Resoluci\u00f3n&hellip;<\/p>\n","protected":false},"author":1,"featured_media":0,"parent":0,"menu_order":0,"comment_status":"closed","ping_status":"closed","template":"elementor_header_footer","meta":{"footnotes":""},"class_list":["post-1642","page","type-page","status-publish","hentry"],"_links":{"self":[{"href":"https:\/\/fcgriopailacastilla.org\/site\/wp-json\/wp\/v2\/pages\/1642","targetHints":{"allow":["GET"]}}],"collection":[{"href":"https:\/\/fcgriopailacastilla.org\/site\/wp-json\/wp\/v2\/pages"}],"about":[{"href":"https:\/\/fcgriopailacastilla.org\/site\/wp-json\/wp\/v2\/types\/page"}],"author":[{"embeddable":true,"href":"https:\/\/fcgriopailacastilla.org\/site\/wp-json\/wp\/v2\/users\/1"}],"replies":[{"embeddable":true,"href":"https:\/\/fcgriopailacastilla.org\/site\/wp-json\/wp\/v2\/comments?post=1642"}],"version-history":[{"count":4,"href":"https:\/\/fcgriopailacastilla.org\/site\/wp-json\/wp\/v2\/pages\/1642\/revisions"}],"predecessor-version":[{"id":1647,"href":"https:\/\/fcgriopailacastilla.org\/site\/wp-json\/wp\/v2\/pages\/1642\/revisions\/1647"}],"wp:attachment":[{"href":"https:\/\/fcgriopailacastilla.org\/site\/wp-json\/wp\/v2\/media?parent=1642"}],"curies":[{"name":"wp","href":"https:\/\/api.w.org\/{rel}","templated":true}]}}