{"id":1573,"date":"2024-09-19T16:16:33","date_gmt":"2024-09-19T16:16:33","guid":{"rendered":"https:\/\/fcgriopailacastilla.org\/site\/?page_id=1573"},"modified":"2026-03-31T13:16:41","modified_gmt":"2026-03-31T13:16:41","slug":"informes-de-sostenibilidad","status":"publish","type":"page","link":"https:\/\/fcgriopailacastilla.org\/site\/informes-de-sostenibilidad\/","title":{"rendered":""},"content":{"rendered":"\n<figure class=\"wp-block-image\"><img decoding=\"async\" src=\"https:\/\/fcgriopailacastilla.org\/site\/wp-content\/uploads\/2024\/09\/BANNER-INFORMES-DE-SOSTENIBILIDAD_Mesa-de-trabajo-1-copia-9.jpg\" alt=\"BANNER INFORMES DE SOSTENIBILIDAD_Mesa de trabajo 1 copia 9\"\/><\/figure>\n\n\n<div class=\"wp-block-image is-style-rounded\">\n<figure class=\"aligncenter size-full\"><img fetchpriority=\"high\" decoding=\"async\" width=\"350\" height=\"340\" src=\"https:\/\/fcgriopailacastilla.org\/site\/wp-content\/uploads\/2026\/03\/Captura-de-pantalla-2026-03-30-161443.png\" alt=\"\" class=\"wp-image-3468\" srcset=\"https:\/\/fcgriopailacastilla.org\/site\/wp-content\/uploads\/2026\/03\/Captura-de-pantalla-2026-03-30-161443.png 350w, https:\/\/fcgriopailacastilla.org\/site\/wp-content\/uploads\/2026\/03\/Captura-de-pantalla-2026-03-30-161443-300x291.png 300w\" sizes=\"(max-width: 350px) 100vw, 350px\" \/><\/figure>\n<\/div>\n\n\n<h2 class=\"wp-block-heading has-text-align-center\">Mensaje del Consejo Administrativo y la Direcci\u00f3n Ejecutiva<\/h2>\n\n\n\n<div class=\"wp-block-columns is-layout-flex wp-container-core-columns-is-layout-9d6595d7 wp-block-columns-is-layout-flex\">\n<div class=\"wp-block-column is-layout-flow wp-block-column-is-layout-flow\">\n<div class=\"wp-block-columns is-layout-flex wp-container-core-columns-is-layout-9d6595d7 wp-block-columns-is-layout-flex\">\n<div class=\"wp-block-column is-layout-flow wp-block-column-is-layout-flow\">\n<p>La Fundaci\u00f3n Caicedo Gonz\u00e1lez Riopaila\u00a0<br>Castilla despliega su actuar bajo la convicci\u00f3n\u00a0<br>de que el desarrollo sostenible solo es posible\u00a0<br>si se construye en conexi\u00f3n profunda con las\u00a0<br>realidades territoriales.<\/p>\n\n\n\n<p><br>Este informe es el reflejo del prop\u00f3sito\u00a0<br>superior que orienta la inversi\u00f3n social del\u00a0<br>Grupo Empresarial Riopaila Castilla, impulsar\u00a0<br>un futuro incluyente, arm\u00f3nico y sostenible\u00a0<br>para todos; evidencia las capacidades, y\u00a0<br>transformaciones que concretan el camino\u00a0<br>que construimos con los territorios donde\u00a0<br>operamos, sus actores y aliados comunitarios,\u00a0<br>p\u00fablicos y privados, abren las oportunidades\u00a0<br>que permiten a las poblaciones acceder al\u00a0<br>ejercicio efectivo de sus derechos.<\/p>\n\n\n\n<p>Durante el 2025 transitamos por un entorno\u00a0<br>de alta complejidad; sin embargo, los\u00a0<br>territorios avanzan, transforman sus\u00a0<\/p>\n<\/div>\n\n\n\n<div class=\"wp-block-column is-layout-flow wp-block-column-is-layout-flow\">\n<p>relaciones, materializan soluciones\u00a0<br>concertadas y afianzan su autonom\u00eda; en\u00a0<br>estas p\u00e1ginas encontrar\u00e1n no solamente los\u00a0<br>resultados alcanzados, encontrar\u00e1n\u00a0<br>experiencias territoriales inspiradoras y\u00a0<br>resilientes que dan cuenta que el desarrollo\u00a0<br>desde la gente y para la gente es posible,\u00a0<br>como fuerza transformadora de la sociedad.<\/p>\n\n\n\n<p><br>A todos, nuestro profundo\u00a0<br>agradecimiento por ser parte de este\u00a0<br>proceso de transformaci\u00f3n.<br>Mirando hacia el futuro, reafirmamos nuestra\u00a0<br>responsabilidad para seguir tejiendo juntos,\u00a0<br>hilando con cuidado y prop\u00f3sito, voluntades y\u00a0<br>capacidades para alcanzar Convergencias\u00a0<br>Territoriales que transformen vidas y\u00a0<br>contribuyan a la construcci\u00f3n de un futuro\u00a0<br>m\u00e1s pr\u00f3spero, como el valor social sostenible\u00a0<br>que aspiramos a entregar en forma creciente\u00a0<br>a la sociedad, nuestros aportantes y los\u00a0<br>territorios donde operamos.<\/p>\n<\/div>\n<\/div>\n<\/div>\n<\/div>\n\n\n\n<h1 class=\"wp-block-heading has-text-align-center\" style=\"font-size:20px\">Consejo Administrativo<\/h1>\n\n\n\n<p class=\"has-text-align-center\">Mariana Botero Piedrahita, Mar\u00eda Teresa Gonz\u00e1lez de Cabal, Mariana Caicedo P\u00e9rez,&nbsp;Sebasti\u00e1n Esteban \u00c1lvarez Caicedo&nbsp;y Mar\u00eda del Rosario Salazar Guti\u00e9rrez<\/p>\n\n\n\n<h5 class=\"wp-block-heading has-text-align-center\" style=\"font-size:20px\">Presidente Riopaila Castilla<\/h5>\n\n\n\n<p class=\"has-text-align-center\">Pedro Enrique Cardona L\u00f3pez<\/p>\n\n\n\n<h5 class=\"wp-block-heading has-text-align-center\" style=\"font-size:20px\">Directora Ejecutiva<\/h5>\n\n\n\n<p class=\"has-text-align-center\">Ana Milena Lemos Paredes<\/p>\n\n\n\n<p><\/p>\n\n\n\n<p class=\"has-text-align-center\"><a href=\"https:\/\/fcgriopailacastilla.org\/site\/wp-content\/uploads\/2026\/03\/Informe-SG-2025-VF.pdf\" target=\"_blank\" rel=\"noreferrer noopener\">Informe de Sostenibilidad 2025<\/a><br><a href=\"https:\/\/fcgriopailacastilla.org\/site\/historico-informes-sostenibilidad\/\"><br>Hist\u00f3rico de Informes de Sostenibilidad<br><\/a><\/p>\n\n\n\n<p><\/p>\n","protected":false},"excerpt":{"rendered":"<p>Mensaje del Consejo Administrativo y la Direcci\u00f3n Ejecutiva La Fundaci\u00f3n Caicedo Gonz\u00e1lez Riopaila\u00a0Castilla despliega su actuar bajo la convicci\u00f3n\u00a0de que el desarrollo sostenible solo es posible\u00a0si se construye en conexi\u00f3n&hellip;<\/p>\n","protected":false},"author":1,"featured_media":0,"parent":0,"menu_order":0,"comment_status":"closed","ping_status":"closed","template":"elementor_header_footer","meta":{"footnotes":""},"class_list":["post-1573","page","type-page","status-publish","hentry"],"_links":{"self":[{"href":"https:\/\/fcgriopailacastilla.org\/site\/wp-json\/wp\/v2\/pages\/1573","targetHints":{"allow":["GET"]}}],"collection":[{"href":"https:\/\/fcgriopailacastilla.org\/site\/wp-json\/wp\/v2\/pages"}],"about":[{"href":"https:\/\/fcgriopailacastilla.org\/site\/wp-json\/wp\/v2\/types\/page"}],"author":[{"embeddable":true,"href":"https:\/\/fcgriopailacastilla.org\/site\/wp-json\/wp\/v2\/users\/1"}],"replies":[{"embeddable":true,"href":"https:\/\/fcgriopailacastilla.org\/site\/wp-json\/wp\/v2\/comments?post=1573"}],"version-history":[{"count":80,"href":"https:\/\/fcgriopailacastilla.org\/site\/wp-json\/wp\/v2\/pages\/1573\/revisions"}],"predecessor-version":[{"id":3484,"href":"https:\/\/fcgriopailacastilla.org\/site\/wp-json\/wp\/v2\/pages\/1573\/revisions\/3484"}],"wp:attachment":[{"href":"https:\/\/fcgriopailacastilla.org\/site\/wp-json\/wp\/v2\/media?parent=1573"}],"curies":[{"name":"wp","href":"https:\/\/api.w.org\/{rel}","templated":true}]}}